Cerea. Verona, Italy

45° 11.88' N | 011° 10.98' E | 10 metri | Mostra sulla mappa

Tabelle Climatiche May 2016

25/05/2020 00:00:00 CEST

Stazione:Vantage Pro2
Software:WeeWX v4.0.0
Weewx uptime:0 giorni, 18 ore, 45 minuti
Server uptime:0 giorni, 18 ore, 45 minuti
                   MONTHLY CLIMATOLOGICAL SUMMARY for mag 2016


NAME: Cerea. Verona, Italy                  
ELEV: 10 metri    LAT: 45-11.88 N    LONG: 011-10.98 E


                   TEMPERATURE (°C), RAIN (mm), WIND SPEED (km/h)

                                         HEAT   COOL         AVG
      MEAN                               DEG    DEG          WIND                   DOM
DAY   TEMP   HIGH   TIME    LOW   TIME   DAYS   DAYS   RAIN  SPEED   HIGH   TIME    DIR
---------------------------------------------------------------------------------------
 01   11,9   15,5  17:55    9,7  07:20   20,7    0,0   10,4    4,0   17,6  07:10     50
 02   13,9   18,9  16:15   11,3  05:35   14,3    0,0    4,3    1,2   12,2  12:00      2
 03   17,2   26,4  17:35    9,3  05:15    3,6    0,0    0,0    1,6   11,5  20:35    273
 04   18,3   27,1  15:30    9,2  05:40    0,1    0,0    0,0    1,5   13,0  23:50    283
 05   16,6   22,2  15:00   11,7  05:00    5,6    0,0    0,0    4,2   23,8  01:35     59
 06   17,8   24,6  15:40    9,8  05:20    1,8    0,0    0,0    1,7   14,0  15:40     89
 07   18,3   25,4  16:20    9,8  06:05    0,1    0,0    0,0    1,9   11,9  14:45    105
 08   18,7   25,2  15:45   12,5  06:05    0,0    1,3    0,0    3,2   16,9  17:55     92
 09   18,0   21,9  15:25   14,7  05:40    1,1    0,0    0,0    1,9   12,2  13:00     59
 10   18,3   22,8  14:25   14,7  06:00    0,3    0,0    0,0    2,4   14,4  09:50     65
 11   15,1   16,2  01:10   14,1  12:20   10,4    0,0    7,4    6,4   23,0  14:45     60
 12   17,5   25,1  15:35   13,5  05:50    2,7    0,0   35,8    2,7   16,6  00:35    314
 13   15,9   19,2  14:10   13,3  01:45    7,9    0,0    0,0    0,8   10,1  16:40    284
 14   17,3   24,5  15:05   12,9  04:25    3,4    0,0   13,7    1,5   15,8  19:55     66
 15   15,5   22,5  14:30   11,9  00:00    9,1    0,0    6,3    2,5   19,4  14:45     72
 16   15,0   21,1  14:40   10,2  05:15   11,0    0,0    0,0    3,2   16,9  02:30     66
 17   16,4   22,7  14:15    9,8  06:05    6,4    0,0    0,0    1,5   10,1  08:15     84
 18   17,0   24,7  16:55    9,0  05:55    4,2    0,0    0,0    2,5   12,6  13:40     89
 19   13,7   15,3  00:05   12,1  23:55   15,0    0,0   22,1    3,6   21,6  13:50     60
 20   18,1   27,3  15:55   10,2  05:35    0,9    0,0    0,0    1,0    9,0  12:45    282
 21   20,5   29,5  15:20   11,2  06:00    0,0    7,1    0,0    1,1    8,6  13:55    106
 22   21,6   28,8  14:05   14,1  05:40    0,0   10,7    0,0    2,4   11,5  15:15     96
 23   16,6   21,8  11:45   11,2  00:00    5,7    0,0    3,3    3,8   19,1  12:40     58
 24   18,3   27,6  16:35   10,1  01:25    0,0    0,0    0,0    1,6   13,7  21:30     57
 25   19,9   28,2  15:25   11,3  06:00    0,0    5,2    0,0    1,3    9,7  14:00    305
 26   21,5   29,2  14:45   13,6  05:30    0,0   10,3    0,0    1,0    7,9  18:05     89
 27   22,6   29,3  15:50   15,5  05:45    0,0   13,8    0,0    2,1   10,4  16:50     98
 28   23,1   28,5  14:10   16,4  05:50    0,0   15,4    0,0    3,0   12,6  12:25     81
 29   18,7   23,8  10:50   15,1  23:35    0,0    1,2    6,3    2,9   14,0  03:00     58
 30   19,7   27,2  14:30   14,9  00:35    0,0    4,5    0,0    1,8   13,0  15:20    325
 31   20,9   28,0  16:45   14,6  05:55    0,0    8,3    0,0    1,9   10,4  16:50    257
---------------------------------------------------------------------------------------
      17,9   29,5     21    9,0     18  124,3   77,7  109,7    2,3   23,8     05     64
    
Updated: 23/04/2020 12:30:00