Cerea. Verona, Italy

45° 11.88' N | 011° 10.98' E | 10 metri | Mostra sulla mappa

Tabelle Climatiche April 2016

24/05/2020 23:45:00 CEST

Stazione:Vantage Pro2
Software:WeeWX v4.0.0
Weewx uptime:0 giorni, 18 ore, 30 minuti
Server uptime:0 giorni, 18 ore, 30 minuti
                   MONTHLY CLIMATOLOGICAL SUMMARY for apr 2016


NAME: Cerea. Verona, Italy                  
ELEV: 10 metri    LAT: 45-11.88 N    LONG: 011-10.98 E


                   TEMPERATURE (°C), RAIN (mm), WIND SPEED (km/h)

                                         HEAT   COOL         AVG
      MEAN                               DEG    DEG          WIND                   DOM
DAY   TEMP   HIGH   TIME    LOW   TIME   DAYS   DAYS   RAIN  SPEED   HIGH   TIME    DIR
---------------------------------------------------------------------------------------
 01   15,0   19,0  16:50   12,3  02:05   10,8    0,0    0,0    3,6   17,6  04:15     66
 02   15,0   19,7  16:40   11,2  00:00   10,8    0,0    0,0    2,9   13,0  17:25     78
 03   14,2   21,4  14:55    7,5  06:05   13,3    0,0    0,0    1,7   13,7  16:05     95
 04   14,3   19,5  15:00   11,3  00:25   13,0    0,0    0,0    4,1   15,5  15:20     73
 05   15,2   22,4  16:10   10,3  07:10   10,0    0,0    0,0    1,9   12,6  14:20     96
 06   15,3   22,3  15:40    8,8  07:25    9,9    0,0    0,0    1,7    9,0  11:25     99
 07   15,0   20,0  14:30   11,6  00:00   11,0    0,0    0,0    4,2   16,6  15:30     98
 08   13,5   19,0  15:05   10,1  04:55   15,6    0,0    0,0    1,9   13,0  18:40      5
 09   13,1   16,8  12:20    9,4  00:00   16,9    0,0    0,0    3,2   17,6  16:20     71
 10   14,9   23,1  16:15    6,8  06:50   11,0    0,0    0,0    1,1    9,7  14:10    111
 11   16,3   25,6  16:10    7,9  06:45    6,6    0,0    0,0    2,0   12,6  15:50    256
 12   16,2   25,8  17:20    6,5  06:15    6,8    0,0    0,0    1,9   13,7  11:30    254
 13   17,2   24,4  16:30   11,5  07:10    3,8    0,0    0,0    2,7   14,8  21:15     74
 14   17,3   26,2  16:50   11,9  07:45    3,3    0,0    0,0    2,6   13,7  19:00    257
 15   17,0   25,4  15:20   10,3  04:25    4,3    0,0    0,0    2,3   14,0  10:25     31
 16   17,5   27,2  15:55    8,3  06:35    2,8    0,0    0,0    2,0   11,9  08:35     64
 17   17,3   23,2  17:35   12,8  06:30    3,4    0,0    0,0    3,5   13,7  19:50     68
 18   18,4   26,2  15:45   12,2  07:05    0,0    0,2    0,0    2,6   15,1  15:45    128
 19   15,2   22,1  17:35    9,4  08:50   10,0    0,0    7,1    2,4   20,9  14:40     50
 20   15,7   23,2  15:10   10,4  01:35    8,6    0,0    0,0    2,4   11,9  09:45    103
 21   15,8   24,3  15:55    6,3  06:20    8,3    0,0    0,0    1,4   11,9  18:25    104
 22   17,1   26,0  16:00   10,5  06:40    3,9    0,0    0,0    1,6   13,7  20:05     60
 23   14,9   20,6  15:45   12,2  00:00   11,0    0,0    5,1    1,9    9,4  12:50     52
 24   12,0   15,5  13:55    8,0  00:00   20,6    0,0    6,3    3,6   22,7  14:50     62
 25   11,9   20,0  16:40    6,7  06:45   20,8    0,0    0,0    2,5   15,8  00:25    273
 26   10,8   16,4  16:25    6,4  01:50   24,4    0,0    0,0    3,7   14,0  13:20     67
 27   13,3   21,8  14:20    7,0  06:35   16,2    0,0    1,0    3,5   15,5  12:45      5
 28   11,6   17,2  16:35    7,3  05:55   21,7    0,0    0,0    5,7   21,6  07:50     65
 29   14,2   21,6  15:20    8,7  06:45   13,4    0,0    0,0    3,7   14,0  12:05     71
 30   14,6   21,4  14:55    7,0  05:45   12,2    0,0    0,0    3,0   18,4  17:40     92
---------------------------------------------------------------------------------------
      15,0   27,2     16    6,3     21  324,2    0,2   19,5    2,7   22,7     24     73
    
Updated: 23/04/2020 12:30:00