Cerea. Verona, Italy

45° 11.88' N | 011° 10.98' E | 10 metri | Mostra sulla mappa

Tabelle Climatiche March 2016

25/05/2020 01:45:00 CEST

Stazione:Vantage Pro2
Software:WeeWX v4.0.0
Weewx uptime:0 giorni, 20 ore, 30 minuti
Server uptime:0 giorni, 20 ore, 30 minuti
                   MONTHLY CLIMATOLOGICAL SUMMARY for mar 2016


NAME: Cerea. Verona, Italy                  
ELEV: 10 metri    LAT: 45-11.88 N    LONG: 011-10.98 E


                   TEMPERATURE (°C), RAIN (mm), WIND SPEED (km/h)

                                         HEAT   COOL         AVG
      MEAN                               DEG    DEG          WIND                   DOM
DAY   TEMP   HIGH   TIME    LOW   TIME   DAYS   DAYS   RAIN  SPEED   HIGH   TIME    DIR
---------------------------------------------------------------------------------------
 01    9,7   15,2  15:48    6,5  23:54   27,9    0,0    0,0    0,1    0,7  10:45    356
 02    9,6   14,8  14:36    5,3  03:24   28,3    0,0    1,0    4,9   20,9  23:12     80
 03    5,1    8,0  00:06    2,9  06:42   42,8    0,0   16,0    7,5   29,9  03:24     21
 04
 05
 06
 07
 08
 09
 10
 11
 12
 13
 14
 15
 16
 17
 18
 19
 20
 21
 22
 23
 24
 25    9,0    9,6  22:25    8,8  23:20   30,2    0,0    0,0    3,2    6,8  23:50     47
 26   11,5   18,6  16:25    5,2  05:50   22,0    0,0    0,0    2,5   10,8  14:10     71
 27   13,3   17,6  15:40    6,7  08:20   16,4    0,0    0,0    3,3   12,6  11:10     71
 28   12,3   16,3  17:30    9,9  00:00   19,7    0,0    1,0    1,9   12,6  12:05     57
 29   14,3   22,6  17:40    6,3  07:25   13,2    0,0    0,0    2,0   14,0  14:05    257
 30   14,1   18,8  15:45    8,5  05:30   13,9    0,0    0,0    1,2    7,9  05:50     55
 31   14,6   20,0  13:20   10,1  07:30   12,2    0,0    0,0    4,1   20,2  18:55     70
---------------------------------------------------------------------------------------
      12,2   22,6     29    2,9     03  226,4    0,0   18,0    2,9   29,9     03     63
    
Updated: 23/04/2020 12:30:00