Cerea. Verona, Italy

45° 11.88' N | 011° 10.98' E | 10 metri | Mostra sulla mappa

Tabelle Climatiche February 2016

25/05/2020 01:00:00 CEST

Stazione:Vantage Pro2
Software:WeeWX v4.0.0
Weewx uptime:0 giorni, 19 ore, 45 minuti
Server uptime:0 giorni, 19 ore, 45 minuti
                   MONTHLY CLIMATOLOGICAL SUMMARY for feb 2016


NAME: Cerea. Verona, Italy                  
ELEV: 10 metri    LAT: 45-11.88 N    LONG: 011-10.98 E


                   TEMPERATURE (°C), RAIN (mm), WIND SPEED (km/h)

                                         HEAT   COOL         AVG
      MEAN                               DEG    DEG          WIND                   DOM
DAY   TEMP   HIGH   TIME    LOW   TIME   DAYS   DAYS   RAIN  SPEED   HIGH   TIME    DIR
---------------------------------------------------------------------------------------
 01    7,4   10,1  15:30    5,5  23:30   35,5    0,0    0,0    1,7    4,2  16:15    282
 02    7,4    9,0  14:30    5,3  04:00   35,5    0,0    0,0    0,7    2,5  13:45    263
 03    7,6    8,6  14:15    5,3  00:00   34,8    0,0    7,1    2,0    9,2  20:15     65
 04    6,2   13,1  13:15    1,7  06:15   39,4    0,0    0,0    2,1    5,8  13:45    274
 05    6,0   11,9  14:45    0,0  06:30   39,9    0,0    0,0    3,3    7,5  15:15     56
 06    6,2   12,5  13:30    1,5  08:15   39,2    0,0    0,0    1,4    4,4  00:30    336
 07    7,1    8,6  14:30    4,4  01:15   36,3    0,0    2,3    8,7   14,2  14:45     61
 08    8,0   10,9  15:15    4,9  00:00   33,4    0,0    1,0    2,7    8,2  01:00    299
 09    7,3   10,4  13:15    3,5  02:00   35,7    0,0    8,4    4,6    9,7  23:15     60
 10    7,9   13,0  14:45    2,1  22:30   33,8    0,0    1,0    5,5   13,5  07:15    252
 11    4,6   11,8  14:00   -1,2  05:30   44,5    0,0    0,0    0,9    3,9  14:45    272
 12    6,0    9,8  12:00    3,5  00:15   40,0    0,0   13,7    4,0    9,1  22:15     56
 13    5,2    8,9  16:00    2,2  05:45   42,7    0,0    0,0    4,8    8,5  19:15    278
 14    5,3    7,2  14:15    4,1  02:30   42,1    0,0    9,4    3,1    8,3  14:15     30
 15    6,6   10,3  14:00    4,1  07:45   38,0    0,0   10,7    2,4    9,7  23:45     27
 16    8,3   10,8  12:00    6,9  07:30   32,6    0,0   10,4    7,7   12,1  12:15     60
 17    6,7    8,0  14:45    5,5  04:15   37,7    0,0   14,7    4,0   19,1  00:30     37
 18    8,0   13,0  14:00    3,9  07:00   33,5    0,0    0,0    4,4    9,9  13:15    247
 19    8,0   16,4  14:45    3,8  07:15   33,5    0,0    5,3    4,3    9,3  23:00    256
 20    7,2   12,7  15:45    2,0  06:45   36,2    0,0    0,0    2,7    8,2  00:15    261
 21    7,4   15,2  16:15    0,8  07:15   35,3    0,0    0,0    1,4    4,5  17:00    266
 22    8,9   13,8  14:15    4,0  08:00   30,7    0,0    0,0    2,1    5,3  19:45     70
 23   10,4   14,9  15:30    7,7  00:00   25,7    0,0    1,0    1,5    4,0  11:00    281
 24    8,4   12,6  12:00    4,6  03:15   32,2    0,0    0,0    3,6   13,4  11:45     81
 25    7,4   10,6  16:00    4,5  23:45   35,4    0,0    0,0    2,7    6,7  03:45     61
 26    5,2    7,8  15:15    1,5  05:15   42,4    0,0    0,0    4,5   11,8  13:30     61
 27    5,8    7,3  00:00    5,1  10:30   40,7    0,0    4,3   10,0   14,8  09:15     57
 28    9,4   11,5  14:30    7,2  00:30   28,8    0,0   13,5   12,5   18,7  01:45     61
 29    9,9   11,7  16:15    8,6  23:30   27,3    0,0   28,2    9,3   21,2  02:00     60
---------------------------------------------------------------------------------------
       7,2   16,4     19   -1,2     11 1042,9    0,0  131,1    4,1   21,2     29     53
    
Updated: 23/04/2020 12:30:00