Cerea. Verona, Italy

45° 11.88' N | 011° 10.98' E | 10 metri | Mostra sulla mappa

Tabelle Climatiche January 2016

25/05/2020 00:30:00 CEST

Stazione:Vantage Pro2
Software:WeeWX v4.0.0
Weewx uptime:0 giorni, 19 ore, 15 minuti
Server uptime:0 giorni, 19 ore, 15 minuti
                   MONTHLY CLIMATOLOGICAL SUMMARY for gen 2016


NAME: Cerea. Verona, Italy                  
ELEV: 10 metri    LAT: 45-11.88 N    LONG: 011-10.98 E


                   TEMPERATURE (°C), RAIN (mm), WIND SPEED (km/h)

                                         HEAT   COOL         AVG
      MEAN                               DEG    DEG          WIND                   DOM
DAY   TEMP   HIGH   TIME    LOW   TIME   DAYS   DAYS   RAIN  SPEED   HIGH   TIME    DIR
---------------------------------------------------------------------------------------
 01    1,3    6,9  14:00   -2,8  07:45   55,3    0,0    0,0    0,9    3,6  14:45    257
 02    0,4    2,0  20:45   -1,8  02:30   58,0    0,0    5,3    2,6    7,2  15:15     29
 03    2,2    6,0  13:45    0,8  22:45   52,2    0,0    5,3    2,0    6,8  14:15    280
 04    1,3    2,4  16:15   -0,2  06:45   55,1    0,0    3,0    3,7    8,0  08:15     28
 05    2,1    3,9  14:15    0,6  08:00   52,7    0,0    4,3    1,9    4,5  07:45     35
 06    3,5    6,7  15:15    2,0  05:00   48,2    0,0    1,0    2,2    5,8  21:30    255
 07    0,7    2,7  17:00   -2,3  08:30   57,1    0,0    0,0    1,2    3,4  02:45    342
 08    2,9    6,6  14:15   -0,4  05:00   49,9    0,0    0,0    1,1    3,4  00:00    319
 09    5,0    5,4  14:00    4,5  07:45   43,3    0,0    7,4    0,8    2,4  11:30    270
 10    5,6    6,9  22:45    4,5  08:30   41,2    0,0    0,0    4,0    8,6  20:30     65
 11    8,0    9,8  16:15    6,4  00:45   33,5    0,0    0,0    5,3   10,3  10:15     58
 12    7,2   12,6  15:30    3,1  22:15   36,1    0,0    0,0    4,1   10,1  13:45    255
 13    5,4   12,1  14:00    1,0  07:00   42,0    0,0    0,0    3,3   10,1  15:30    251
 14    2,6    4,8  12:45   -1,2  05:00   50,9    0,0    3,3    2,0    7,1  10:15     43
 15    3,5    8,2  14:15    1,0  05:30   48,0    0,0    0,0    3,8   10,0  07:00    252
 16    2,3    9,8  14:00   -2,8  23:30   52,1    0,0    0,0    1,1    3,8  13:30    262
 17    2,0    8,8  13:45   -3,7  07:15   53,0    0,0    0,0    2,5    6,7  21:15    309
 18   -0,4    6,4  14:00   -5,9  07:30   60,6    0,0    0,0    0,7    3,8  14:45    261
 19   -1,1    4,5  13:45   -5,9  08:00   62,8    0,0    0,0    0,9    3,0  11:15     83
 20   -0,5    3,8  13:45   -4,5  08:00   61,0    0,0    0,0    0,7    3,1  12:30    269
 21    0,4    5,3  14:15   -2,6  07:30   58,2    0,0    0,0    1,0    4,1  11:15    103
 22    1,6    6,9  14:15   -2,2  00:15   54,3    0,0    0,0    0,8    3,1  10:45    284
 23    0,8    6,7  14:30   -2,6  04:00   56,7    0,0    0,0    1,0    4,9  12:15    253
 24   -0,2    6,0  14:15   -5,1  07:45   59,9    0,0    0,0    0,7    2,7  13:15    304
 25    1,7    8,5  14:15   -3,2  04:15   54,0    0,0    0,0    0,8    3,7  18:45    296
 26    2,3    9,4  14:30   -3,2  07:30   51,9    0,0    0,0    0,8    4,7  16:00     58
 27    4,0    8,8  15:45   -1,4  07:45   46,3    0,0    0,0    0,9    3,3  11:15     89
 28    7,3    9,2  15:30    5,5  07:45   35,7    0,0    0,0    0,4    3,5  13:30    282
 29    8,4   13,7  14:00    6,0  07:15   32,0    0,0    0,0    1,1    4,3  19:45     82
 30    7,5    9,6  14:45    6,4  02:00   35,0    0,0    0,0    0,5    2,4  11:30     48
 31    6,3    7,4  00:00    5,2  08:15   39,0    0,0    0,0    1,2    3,4  00:00    279
---------------------------------------------------------------------------------------
       3,1   13,7     29   -5,9     19 1535,9    0,0   29,7    1,7   10,3     11    289
    
Updated: 23/04/2020 12:30:00