Cerea. Verona, Italy

45° 11.88' N | 011° 10.98' E | 10 metri | Mostra sulla mappa

Tabelle Climatiche 2015

24/05/2020 23:15:00 CEST

Stazione:Vantage Pro2
Software:WeeWX v4.0.0
Weewx uptime:0 giorni, 18 ore, 0 minuti
Server uptime:0 giorni, 18 ore, 0 minuti
                     CLIMATOLOGICAL SUMMARY FOR 2015


NAME: Cerea. Verona, Italy                  
ELEV: 10 metri    LAT: 45-11.88 N    LONG: 011-10.98 E


                                       TEMPERATURE (°C)

                              HEAT    COOL                              MAX    MAX    MIN    MIN
          MEAN   MEAN         DEG     DEG                                >=     <=     <=     <=
 YR  MO   MAX    MIN    MEAN  DAYS    DAYS      HI  DAY     LOW  DAY     30      0      0    -20
------------------------------------------------------------------------------------------------
2015 01    8,1    0,7    4,1 1245,4    0,0    12,6   17    -3,2   28      0      0     12      0
2015 02    9,2    2,1    5,4 1172,6    0,0    13,4   16    -3,3   09      0      0      8      0
2015 03   14,7    5,4    9,8  857,1    0,0    22,4   30     0,9   03      0      0      0      0
2015 04   19,6    8,6   14,1  408,8    0,0    26,6   22     1,7   07      0      0      0      0
2015 05   24,1   14,6   19,2   71,9  156,0    28,5   11    11,2   21      0      0      0      0
2015 06   29,0   18,3   23,5    0,0  505,9    33,2   05    13,3   24     10      0      0      0
2015 07   33,2   22,3   27,8    0,0  951,2    36,8   23    17,8   31     27      0      0      0
2015 08   31,2   19,8   25,3    0,0  699,7    36,8   08    15,3   22     20      0      0      0
2015 09   25,2   15,8   20,0   44,2  209,8    32,7   01    11,1   30      2      0      0      0
2015 10   18,2   10,7   14,0  435,2    0,0    23,5   08     3,8   27      0      0      0      0
2015 11   12,9    4,4    8,4  939,6    0,0    20,2   07   -19,2   29      0      0      5      0
2015 12    8,6    3,7    5,3  434,8    0,0    18,4   21    -2,1   30      0      0      2      0
------------------------------------------------------------------------------------------------
          20,3   11,1   15,5 5609,6 2522,6    36,8  lug   -19,2  nov     59      0     27      0


                  PRECIPITATION (mm)

                  MAX         ---DAYS OF RAIN---
                  OBS.               OVER
 YR  MO  TOTAL    DAY  DATE   0.30   3.00  30.00
------------------------------------------------
2015 01   17,1    4,7    22      7      3      0
2015 02   94,8   39,9    05      8      4      2
2015 03   47,1   16,1    25      7      6      0
2015 04   34,7   15,0    27      8      3      0
2015 05   60,1   37,8    21      8      3      1
2015 06   23,8    6,2    24      8      4      0
2015 07    4,1    3,6    30      2      1      0
2015 08   26,4   18,1    21      5      2      0
2015 09   39,4   28,0    14      7      3      0
2015 10   94,3   20,2    14     14     10      0
2015 11   20,7   17,6    21      6      1      0
2015 12    0,0    0,0   N/A      0      0      0
------------------------------------------------
         462,6   39,9   feb     80     40      3


           WIND SPEED (km/h)

                                DOM
 YR  MO    AVG     HI   DATE    DIR
-----------------------------------
2015 01    5,1   57,6     05     50 
2015 02    7,7   77,0     05     68 
2015 03    7,4   76,3     27     84 
2015 04    8,4   79,2     28     94 
2015 05    8,5   79,2     01    108 
2015 06    5,9   24,9     14    115 
2015 07    6,4   24,2     29    113 
2015 08    5,0   26,6     24     76 
2015 09    6,5   28,8     14     78 
2015 10    4,8   24,9     02     67 
2015 11    2,5   22,1     23      9 
2015 12    1,9   11,7     30    309 
-----------------------------------
           6,1   79,2    apr     86

Updated: 23/04/2020 12:30:00