Cerea. Verona, Italy

45° 11.88' N | 011° 10.98' E | 10 metri | Mostra sulla mappa

Tabelle Climatiche December 2015

25/05/2020 00:00:00 CEST

Stazione:Vantage Pro2
Software:WeeWX v4.0.0
Weewx uptime:0 giorni, 18 ore, 45 minuti
Server uptime:0 giorni, 18 ore, 45 minuti
                   MONTHLY CLIMATOLOGICAL SUMMARY for dic 2015


NAME: Cerea. Verona, Italy                  
ELEV: 10 metri    LAT: 45-11.88 N    LONG: 011-10.98 E


                   TEMPERATURE (°C), RAIN (mm), WIND SPEED (km/h)

                                         HEAT   COOL         AVG
      MEAN                               DEG    DEG          WIND                   DOM
DAY   TEMP   HIGH   TIME    LOW   TIME   DAYS   DAYS   RAIN  SPEED   HIGH   TIME    DIR
---------------------------------------------------------------------------------------
 01
 02
 03
 04
 05
 06
 07
 08
 09
 10
 11
 12
 13
 14
 15
 16
 17
 18
 19
 20
 21   16,5   18,4  17:30   16,0  00:00    6,1    0,0    0,0    N/A    N/A    N/A     90
 22   12,8   16,7  10:15    8,0  14:30   17,9    0,0    0,0    0,1    1,8  17:45    107
 23    9,1   12,2  01:15    5,2  19:30   29,9    0,0    0,0    1,2    5,2  20:45     68
 24    6,7    9,7  13:45    4,0  05:30   37,8    0,0    0,0    2,0    4,7  13:45    257
 25    5,5    6,9  01:00    4,5  23:45   41,7    0,0    0,0    0,9    3,5  11:00    356
 26    4,7    5,6  13:30    3,4  00:00   44,1    0,0    0,0    2,4    4,3  11:45    258
 27    2,4    3,3  00:15    1,5  23:15   51,6    0,0    0,0    1,4    3,5  01:15    295
 28    1,2    1,9  14:15    0,2  07:15   55,6    0,0    0,0    1,7    3,4  13:00    263
 29    1,2    3,3  16:45   -0,5  10:00   55,5    0,0    0,0    1,6    3,2  18:30    263
 30    3,4   10,3  14:15   -2,1  06:30   48,3    0,0    0,0    3,3   11,7  13:15     54
 31    4,0    6,4  13:30    0,1  00:00   46,3    0,0    0,0    2,5    7,0  01:30     69
---------------------------------------------------------------------------------------
       5,3   18,4     21   -2,1     30  434,8    0,0    0,0    1,9   11,7     30    309
    
Updated: 23/04/2020 12:30:00