Cerea. Verona, Italy

45° 11.88' N | 011° 10.98' E | 10 metri | Mostra sulla mappa

Tabelle Climatiche November 2015

24/05/2020 23:45:00 CEST

Stazione:Vantage Pro2
Software:WeeWX v4.0.0
Weewx uptime:0 giorni, 18 ore, 30 minuti
Server uptime:0 giorni, 18 ore, 30 minuti
                   MONTHLY CLIMATOLOGICAL SUMMARY for nov 2015


NAME: Cerea. Verona, Italy                  
ELEV: 10 metri    LAT: 45-11.88 N    LONG: 011-10.98 E


                   TEMPERATURE (°C), RAIN (mm), WIND SPEED (km/h)

                                         HEAT   COOL         AVG
      MEAN                               DEG    DEG          WIND                   DOM
DAY   TEMP   HIGH   TIME    LOW   TIME   DAYS   DAYS   RAIN  SPEED   HIGH   TIME    DIR
---------------------------------------------------------------------------------------
 01   11,5   17,0  14:30    6,9  00:00   22,1    0,0    0,0    4,3   11,4  00:30     73
 02    9,4   16,6  13:45    3,8  07:00   29,1    0,0    0,0    1,9    6,6  03:30    335
 03    9,2   16,3  14:15    3,0  07:15   29,4    0,0    0,0    2,3    5,7  23:30    260
 04   11,3   16,3  15:30    7,8  07:15   22,8    0,0    0,0    3,1    6,4  02:00    304
 05   11,4   18,4  15:15    5,9  07:15   22,5    0,0    0,0    1,4    8,2  14:30    297
 06   12,0   19,6  15:00    7,6  05:30   20,5    0,0    0,0    1,4    6,0  15:30    300
 07   11,8   20,2  14:45    5,5  08:00   21,1    0,0    0,0    2,0    6,8  12:00    290
 08   11,7   20,1  16:00    5,8  07:45   21,5    0,0    0,0    1,1    5,0  14:00    308
 09   11,8   19,5  16:00    6,4  08:00   21,3    0,0    0,0    1,9   12,8  13:45    312
 10    9,2   14,0  15:00    7,1  08:00   29,6    0,0    0,5    1,6    6,2  17:00     72
 11    8,0    9,7  14:15    6,9  06:00   33,3    0,0    1,0    1,0    3,6  18:30    214
 12   10,1   18,7  15:15    6,5  23:45   26,6    0,0    0,0    1,9    5,7  22:00    172
 13    7,4    8,6  15:30    5,9  05:45   35,5    0,0    0,5    2,3    6,7  19:00    112
 14    9,1   12,2  14:30    6,5  00:00   29,9    0,0    0,0    2,0    5,4  15:00    320
 15    9,0   11,1  14:45    5,8  01:00   30,3    0,0    0,0    2,0    6,3  15:30    306
 16    9,6   10,4  14:00    9,1  22:45   28,2    0,0    0,0    1,4    4,9  14:30    341
 17    9,3   10,1  15:15    8,7  23:30   29,2    0,0    0,5    2,3    5,9  19:15    355
 18    9,8   11,4  12:15    8,7  00:15   27,5    0,0    0,5    1,1    4,8  14:15     23
 19   10,7   11,6  16:00    9,9  04:15   24,7    0,0    0,0    1,7    8,1  21:45    261
 20   10,8   13,7  12:00    9,0  04:15   24,5    0,0    0,0    2,9    6,7  13:45    115
 21    8,4    9,9  14:30    5,3  22:30   32,3    0,0   17,6    7,6   20,4  18:00     64
 22    6,3   10,6  15:00    3,8  23:15   39,1    0,0    0,0    5,0   12,5  13:45    248
 23    5,5    7,3  15:30    3,3  02:30   41,5    0,0    0,0    8,4   22,1  09:15     66
 24    5,4    9,8  14:00    1,5  00:00   41,8    0,0    0,0    2,7   10,9  11:00     43
 25    2,6    5,9  11:45   -0,5  07:30   50,9    0,0    0,0    1,1    5,0  18:00     11
 26    4,0    9,2  15:00   -0,7  03:00   46,5    0,0    0,0    2,0    6,1  03:00    320
 27    4,2   11,2  14:45   -0,2  06:30   45,7    0,0    0,0    2,0    6,4  13:15    325
 28    2,4    7,0  13:00   -1,2  08:00   51,7    0,0    0,0    1,6    7,4  14:45    265
 29   -0,3    7,8  14:15  -19,2  14:45   60,4    0,0    0,0    1,9   15,5  14:30    286
 30
---------------------------------------------------------------------------------------
       8,4   20,2     07  -19,2     29  939,6    0,0   20,7    2,5   22,1     23      9
    
Updated: 23/04/2020 12:30:00