Cerea. Verona, Italy

45° 11.88' N | 011° 10.98' E | 10 metri | Mostra sulla mappa

Tabelle Climatiche October 2015

25/05/2020 01:45:00 CEST

Stazione:Vantage Pro2
Software:WeeWX v4.0.0
Weewx uptime:0 giorni, 20 ore, 30 minuti
Server uptime:0 giorni, 20 ore, 30 minuti
                   MONTHLY CLIMATOLOGICAL SUMMARY for ott 2015


NAME: Cerea. Verona, Italy                  
ELEV: 10 metri    LAT: 45-11.88 N    LONG: 011-10.98 E


                   TEMPERATURE (°C), RAIN (mm), WIND SPEED (km/h)

                                         HEAT   COOL         AVG
      MEAN                               DEG    DEG          WIND                   DOM
DAY   TEMP   HIGH   TIME    LOW   TIME   DAYS   DAYS   RAIN  SPEED   HIGH   TIME    DIR
---------------------------------------------------------------------------------------
 01   14,1   17,3  17:15   11,2  01:30   13,6    0,0    0,0    9,4   16,0  14:30     74
 02   15,3   17,3  15:30   13,8  22:00    9,9    0,0   14,5   14,2   24,9  22:45     72
 03   17,0   21,5  16:15   14,3  00:15    4,3    0,0    0,0    6,6   18,9  01:00     76
 04   17,5   23,1  17:15   15,2  08:30    2,5    0,0    6,2    5,6   10,8  18:15     98
 05   16,8   22,5  17:00   12,7  06:30    5,0    0,0    0,0    1,7    5,9  00:00    353
 06   16,1   17,5  17:00   14,6  05:45    7,4    0,0    4,7    2,8    8,3  14:30     83
 07   18,2   22,2  14:30   15,8  08:00    0,4    0,0    0,5    3,9    8,7  10:45    307
 08   18,1   23,5  17:00   14,9  07:45    0,8    0,0    7,2    3,2    7,9  13:30    336
 09   17,4   21,0  16:00   14,4  08:15    3,0    0,0    0,0    4,5   10,7  12:15     95
 10   16,0   18,1  16:15   13,6  06:00    7,7    0,0    0,0    6,6   16,0  10:45     70
 11   16,7   22,3  16:15   13,2  06:30    5,2    0,0    0,0    4,7   10,2  16:45    299
 12   16,4   22,3  16:30   11,8  08:00    6,4    0,0    0,0    5,9   12,3  22:45     87
 13   14,1   15,4  00:15   13,3  11:00   13,8    0,0    6,7   10,2   16,1  10:00     69
 14   14,5   16,1  15:30   12,7  00:00   12,5    0,0   20,2    6,6   18,5  23:45     78
 15   14,0   18,8  15:15   12,2  07:00   14,0    0,0    2,6    7,6   15,7  02:30     89
 16   11,4   14,2  16:45    9,3  09:45   22,3    0,0    2,1    4,4   10,0  00:15     74
 17   11,7   16,3  14:15    6,8  08:15   21,6    0,0    0,0    2,7    8,2  02:00     60
 18   12,1   13,9  15:00   11,1  08:45   20,2    0,0    3,1    2,2    6,9  04:00     39
 19   13,3   17,1  16:30   11,1  05:15   16,3    0,0    4,1    3,5    9,3  13:45    304
 20   12,0   17,2  15:30    6,6  07:45   20,5    0,0    0,5    2,5    6,9  13:00      3
 21   11,6   17,1  16:00    8,1  05:00   21,8    0,0    0,0    5,4   10,9  14:30     68
 22   11,4   17,4  16:00    6,9  08:00   22,6    0,0    0,0    4,8   12,5  11:45     47
 23   11,9   18,1  17:15    7,2  07:45   20,8    0,0    0,0    2,4    6,8  13:15    356
 24   11,1   18,5  16:15    5,9  09:15   23,4    0,0    0,0    1,1    6,3  15:15    326
 25   10,7   15,8  15:15    6,5  07:30   24,8    0,0    0,0    0,8    4,5  06:00    304
 26   11,7   19,1  13:45    5,6  07:30   21,4    0,0    0,0    2,0    9,1  14:00    118
 27   11,3   17,0  14:00    3,8  06:30   22,9    0,0    0,0    1,8   12,4  11:15    242
 28   12,2   12,9  00:15   11,5  08:00   19,8    0,0   17,6    8,0   21,0  20:45     70
 29   12,9   15,0  12:30   11,6  21:45   17,7    0,0    4,1    3,8   18,0  02:30      9
 30   13,4   19,1  14:15    9,0  07:45   15,9    0,0    0,0    2,1    9,4  00:00    347
 31   13,2   17,7  15:00    8,6  07:15   16,5    0,0    0,0    7,0   15,6  10:00     68
---------------------------------------------------------------------------------------
      14,0   23,5     08    3,8     27  435,2    0,0   94,3    4,8   24,9     02     67
    
Updated: 23/04/2020 12:30:00