Cerea. Verona, Italy

45° 11.88' N | 011° 10.98' E | 10 metri | Mostra sulla mappa

Tabelle Climatiche September 2015

25/05/2020 00:45:00 CEST

Stazione:Vantage Pro2
Software:WeeWX v4.0.0
Weewx uptime:0 giorni, 19 ore, 30 minuti
Server uptime:0 giorni, 19 ore, 30 minuti
                   MONTHLY CLIMATOLOGICAL SUMMARY for set 2015


NAME: Cerea. Verona, Italy                  
ELEV: 10 metri    LAT: 45-11.88 N    LONG: 011-10.98 E


                   TEMPERATURE (°C), RAIN (mm), WIND SPEED (km/h)

                                         HEAT   COOL         AVG
      MEAN                               DEG    DEG          WIND                   DOM
DAY   TEMP   HIGH   TIME    LOW   TIME   DAYS   DAYS   RAIN  SPEED   HIGH   TIME    DIR
---------------------------------------------------------------------------------------
 01   25,7   32,7  16:45   19,9  07:00    0,0   24,0    0,0    5,1   16,6  16:30    295
 02   24,7   30,8  14:15   19,4  05:30    0,0   20,5    0,0    5,8   14,4  18:15     57
 03   24,3   28,5  17:00   20,5  06:00    0,0   19,3    0,0    6,0   13,5  14:15    290
 04   23,0   28,9  15:45   17,6  06:45    0,0   15,1    0,0    4,2   20,0  19:15    286
 05   20,4   26,6  14:30   16,1  23:00    0,0    6,6    3,1    5,2   21,5  16:30    326
 06   18,4   24,5  17:00   12,1  07:00    0,0    0,2    0,0    3,7   11,7  00:30    229
 07   19,3   25,7  15:30   14,9  02:45    0,0    3,0    0,0    8,5   19,7  09:15     81
 08   19,4   25,1  15:30   13,9  06:45    0,0    3,3    0,0    7,1   10,4  09:15    106
 09   18,8   23,8  15:45   13,9  05:45    0,0    1,5    0,0    7,7   14,6  15:45     92
 10   19,2   23,6  16:45   16,2  06:45    0,0    2,9    0,0    7,1   15,3  10:45     99
 11   19,4   25,6  15:45   15,0  06:30    0,0    3,4    0,0    5,5   12,4  10:15     85
 12   20,5   27,5  15:45   14,2  07:30    0,0    7,2    0,0    3,3    8,1  16:30    142
 13   19,9   24,3  12:45   17,1  07:00    0,0    5,2    2,1    8,1   19,0  12:00     97
 14   22,0   29,5  16:45   17,2  06:30    0,0   12,0   28,0   10,9   28,8  05:00     79
 15   22,2   27,3  15:00   19,0  06:30    0,0   12,7    0,0    5,0   10,1  00:45     50
 16   22,7   27,5  15:15   17,9  07:15    0,0   14,2    0,0    9,0   16,0  09:45     69
 17   24,1   28,4  16:00   19,8  07:00    0,0   18,7    0,0    7,8   17,6  10:15     82
 18   23,9   29,4  16:15   19,4  00:00    0,0   18,0    1,0    5,5   16,7  17:00    308
 19   20,9   28,0  16:45   14,3  07:15    0,0    8,3    0,0    3,1    6,9  15:45    288
 20   20,4   26,3  15:45   15,3  07:15    0,0    6,6    0,5    5,4   18,3  11:45     55
 21   19,9   24,9  16:15   16,6  00:00    0,0    5,2    0,0    7,0   13,8  11:30     88
 22   18,8   23,5  16:30   14,4  06:45    0,0    1,5    0,0    5,7    8,6  10:30     99
 23   17,1   18,6  11:45   14,2  00:00    4,1    0,0    1,5    9,8   16,6  16:00     68
 24   14,7   17,8  18:00   12,0  04:00   11,8    0,0    3,1    3,7    9,0  05:30    327
 25   17,6   24,0  15:30   13,5  03:30    2,2    0,0    0,0    3,1   11,4  17:15    198
 26   18,5   23,1  16:00   14,3  07:30    0,0    0,4    0,0    3,2   11,8  18:15    121
 27   17,9   20,7  14:00   15,8  08:00    1,5    0,0    0,0    8,7   15,1  10:45     72
 28   16,7   20,2  15:15   14,8  07:45    5,3    0,0    0,0   10,9   17,6  11:30     89
 29   16,0   19,5  14:15   13,4  08:15    7,7    0,0    0,0   10,1   20,1  15:30     84
 30   14,7   18,8  15:30   11,1  23:45   11,6    0,0    0,0   10,0   18,4  17:45     80
---------------------------------------------------------------------------------------
      20,0   32,7     01   11,1     30   44,2  209,8   39,4    6,5   28,8     14     78
    
Updated: 23/04/2020 12:30:00