Cerea. Verona, Italy

45° 11.88' N | 011° 10.98' E | 10 metri | Mostra sulla mappa

Tabelle Climatiche August 2015

25/05/2020 00:15:00 CEST

Stazione:Vantage Pro2
Software:WeeWX v4.0.0
Weewx uptime:0 giorni, 19 ore, 0 minuti
Server uptime:0 giorni, 19 ore, 0 minuti
                   MONTHLY CLIMATOLOGICAL SUMMARY for ago 2015


NAME: Cerea. Verona, Italy                  
ELEV: 10 metri    LAT: 45-11.88 N    LONG: 011-10.98 E


                   TEMPERATURE (°C), RAIN (mm), WIND SPEED (km/h)

                                         HEAT   COOL         AVG
      MEAN                               DEG    DEG          WIND                   DOM
DAY   TEMP   HIGH   TIME    LOW   TIME   DAYS   DAYS   RAIN  SPEED   HIGH   TIME    DIR
---------------------------------------------------------------------------------------
 01   21,8   26,4  14:15   18,5  05:00    0,0   11,2    0,5    8,5   15,1  16:15     61
 02   22,5   28,4  16:00   17,6  07:15    0,0   13,6    0,0    3,0    8,4  17:15    163
 03   26,0   32,4  17:00   19,1  06:00    0,0   24,8    0,0    3,0    8,7  15:00    287
 04   28,1   33,5  16:45   21,5  06:45    0,0   31,8    0,0    2,7    7,1  13:15    246
 05   29,0   34,7  16:30   23,3  06:30    0,0   34,5    0,0    3,7   12,5  17:45    123
 06   29,9   36,5  18:15   22,5  06:45    0,0   37,4    0,0    3,0    6,4  19:45     88
 07   30,2   35,4  16:30   24,5  04:45    0,0   38,3    0,0    6,1   14,9  10:15     87
 08   30,2   36,8  17:00   25,1  05:30    0,0   38,4    0,0    4,2   11,4  19:30     82
 09   29,2   34,9  14:30   24,2  06:15    0,0   35,2    0,0    5,2   15,9  11:30    118
 10   25,3   31,8  12:45   20,5  00:00    0,0   22,6    0,0    8,6   22,6  17:45    300
 11   26,5   34,2  14:15   19,2  06:30    0,0   26,5    0,0    4,2   11,3  18:30    186
 12   28,7   35,9  16:30   21,0  06:30    0,0   33,6    0,0    2,9    7,7  14:30    317
 13   28,8   35,7  15:30   20,9  05:15    0,0   33,8    0,0    4,0    9,2  16:00    150
 14   28,0   33,7  15:30   22,3  07:15    0,0   31,3    0,0    4,7   10,0  04:15    303
 15   24,7   30,7  15:15   19,9  07:30    0,0   20,6    0,0    5,9   21,1  20:45    270
 16   21,3   25,6  18:00   18,9  09:30    0,0    9,6    1,0    4,2    9,2  20:00    301
 17   23,0   29,4  18:15   18,1  05:30    0,0   15,2    0,0    6,2   12,9  20:00    302
 18   23,9   29,6  17:00   18,3  07:45    0,0   18,0    0,0    5,3   14,3  23:00    249
 19   19,2   21,8  00:15   16,6  10:30    0,0    2,7    4,7    6,1   16,9  01:00     42
 20   22,6   28,9  17:15   17,1  01:45    0,0   13,8    0,0    6,0   21,4  23:00    278
 21   21,1   26,1  15:05   17,0  04:30    0,0    9,0   18,1    7,1   17,5  00:45     92
 22   21,7   27,5  16:05   15,3  06:40    0,0   11,0    0,0    4,7   11,4  19:15    142
 23   21,5   25,9  13:20   17,3  04:25    0,0   10,2    0,0    6,5   13,8  15:15     77
 24   20,8   23,4  14:20   18,3  06:50    0,0    7,9    2,1   13,6   26,6  12:20     75
 25   23,9   30,2  16:35   18,6  06:35    0,0   18,0    0,0    5,9   12,0  23:55     69
 26   24,3   30,1  15:00   18,6  06:30    0,0   19,3    0,0    4,8   12,5  11:25     82
 27   24,9   32,2  17:00   18,5  06:50    0,0   21,2    0,0    3,1    9,8  12:55    197
 28   26,0   33,0  17:55   19,0  07:10    0,0   24,9    0,0    3,2    9,7  16:00    116
 29   26,7   33,5  15:20   21,0  06:45    0,0   27,1    0,0    3,0    9,5  14:30    152
 30   27,5   35,2  16:25   19,7  06:50    0,0   29,6    0,0    3,3   10,4  17:05    328
 31   27,1   34,2  16:50   20,3  06:40    0,0   28,5    0,0    3,5   13,0  16:50    359
---------------------------------------------------------------------------------------
      25,3   36,8     08   15,3     22    0,0  699,7   26,4    5,0   26,6     24     76
    
Updated: 23/04/2020 12:30:00