Cerea. Verona, Italy

45° 11.88' N | 011° 10.98' E | 10 metri | Mostra sulla mappa

Tabelle Climatiche July 2015

25/05/2020 00:00:00 CEST

Stazione:Vantage Pro2
Software:WeeWX v4.0.0
Weewx uptime:0 giorni, 18 ore, 45 minuti
Server uptime:0 giorni, 18 ore, 45 minuti
                   MONTHLY CLIMATOLOGICAL SUMMARY for lug 2015


NAME: Cerea. Verona, Italy                  
ELEV: 10 metri    LAT: 45-11.88 N    LONG: 011-10.98 E


                   TEMPERATURE (°C), RAIN (mm), WIND SPEED (km/h)

                                         HEAT   COOL         AVG
      MEAN                               DEG    DEG          WIND                   DOM
DAY   TEMP   HIGH   TIME    LOW   TIME   DAYS   DAYS   RAIN  SPEED   HIGH   TIME    DIR
---------------------------------------------------------------------------------------
 01   25,8   31,6  16:30   19,9  06:00    0,0   24,2    0,0    6,1   11,1  17:30    139
 02   26,8   33,6  17:30   20,5  06:15    0,0   27,6    0,0    5,7   12,4  19:30    123
 03   27,4   33,3  15:45   21,6  06:15    0,0   29,2    0,0    5,5   19,7  17:45     96
 04   27,8   33,3  15:30   21,0  05:30    0,0   30,5    0,0    5,0    8,5  02:30    123
 05   29,0   34,1  16:45   23,4  06:30    0,0   34,5    0,0    4,8   10,0  22:00    144
 06   29,3   35,0  16:00   23,6  05:45    0,0   35,5    0,0    5,1   14,9  18:45    136
 07   30,3   35,8  14:45   25,0  06:00    0,0   38,7    0,0    5,0   11,0  20:30    144
 08   29,4   34,6  16:00   25,1  00:00    0,0   35,9    0,0    6,6   13,4  22:45    100
 09   25,2   28,1  15:45   22,3  06:15    0,0   22,2    0,0   13,5   21,7  09:45     97
 10   24,9   30,2  17:00   20,8  06:15    0,0   21,4    0,0    8,7   19,0  09:30     91
 11   25,6   32,1  16:45   18,4  05:45    0,0   23,4    0,0    4,4    8,6  14:30    170
 12   27,0   32,6  17:00   21,1  06:30    0,0   28,0    0,0    5,0    8,2  16:15    138
 13   26,9   31,9  17:00   22,3  06:00    0,0   27,7    0,0    4,3    9,0  15:15    134
 14   27,4   32,9  18:00   22,6  06:15    0,0   29,4    0,0    6,6   11,2  05:00    121
 15   28,3   33,9  17:00   23,2  05:30    0,0   32,4    0,0    6,8   12,5  19:00    141
 16   29,3   35,1  17:00   23,1  04:30    0,0   35,7    0,0    6,6   10,2  23:30    118
 17   30,5   36,4  16:45   24,3  06:00    0,0   39,4    0,0    4,2    9,7  14:45    299
 18   30,2   36,2  16:30   23,3  06:30    0,0   38,5    0,0    3,1   10,1  17:15    230
 19   30,8   36,4  18:15   25,3  07:15    0,0   40,5    0,0    4,5   11,2  16:15    297
 20   30,0   35,6  18:45   24,2  06:15    0,0   37,9    0,0    3,7    8,8  00:15    243
 21   30,8   36,3  17:30   24,4  07:15    0,0   40,3    0,0    4,9   10,3  05:00    132
 22   31,4   36,8  18:30   25,8  06:15    0,0   42,5    0,0    4,5    8,3  21:30    152
 23   30,5   36,8  16:45   24,5  06:45    0,0   39,5    0,0    4,7   10,4  17:45    325
 24   29,3   33,9  15:15   23,4  06:45    0,0   35,4    0,0    7,8   22,3  01:30    118
 25   27,9   32,3  18:00   23,4  07:00    0,0   31,1    0,0    6,4   16,9  14:00    263
 26   25,1   28,2  17:30   20,4  06:30    0,0   22,0    0,0    9,8   17,3  13:00    101
 27   26,1   32,4  18:00   19,6  07:00    0,0   25,1    0,0    7,4   13,7  07:45     77
 28   26,4   32,4  18:00   21,6  05:45    0,0   26,1    0,0    7,8   17,4  03:45     90
 29   26,4   33,2  17:15   21,3  22:30    0,0   26,0    0,0    6,2   24,2  21:30     60
 30   23,7   27,9  14:15   19,2  04:30    0,0   17,2    3,6   12,4   18,7  19:30     82
 31   22,4   26,9  16:30   17,8  05:00    0,0   13,3    0,5   12,6   20,1  02:30    102
---------------------------------------------------------------------------------------
      27,8   36,8     23   17,8     31    0,0  951,2    4,1    6,4   24,2     29    113
    
Updated: 23/04/2020 12:30:00