Cerea. Verona, Italy

45° 11.88' N | 011° 10.98' E | 10 metri | Mostra sulla mappa

Tabelle Climatiche June 2015

24/05/2020 23:15:00 CEST

Stazione:Vantage Pro2
Software:WeeWX v4.0.0
Weewx uptime:0 giorni, 18 ore, 0 minuti
Server uptime:0 giorni, 18 ore, 0 minuti
                   MONTHLY CLIMATOLOGICAL SUMMARY for giu 2015


NAME: Cerea. Verona, Italy                  
ELEV: 10 metri    LAT: 45-11.88 N    LONG: 011-10.98 E


                   TEMPERATURE (°C), RAIN (mm), WIND SPEED (km/h)

                                         HEAT   COOL         AVG
      MEAN                               DEG    DEG          WIND                   DOM
DAY   TEMP   HIGH   TIME    LOW   TIME   DAYS   DAYS   RAIN  SPEED   HIGH   TIME    DIR
---------------------------------------------------------------------------------------
 01   22,1   27,8  16:45   15,8  06:00    0,0   12,2    0,0    3,3    7,7  14:30    160
 02   23,6   29,4  17:00   17,4  06:15    0,0   17,0    0,0    3,6    8,5  17:45    192
 03   25,2   31,9  15:30   18,8  06:00    0,0   22,2    0,0    3,5    8,0  17:30    238
 04   26,9   32,5  17:45   20,8  04:30    0,0   27,8    0,0    3,4    9,3  14:45    149
 05   27,6   33,2  17:00   21,7  05:30    0,0   29,9    0,0    4,3   10,1  10:15    131
 06   27,7   33,0  16:00   22,7  06:15    0,0   30,5    0,0    3,9   10,0  22:00    140
 07   27,4   32,5  15:45   21,8  05:15    0,0   29,4    0,0    5,4   12,7  19:00    102
 08   26,5   30,9  16:30   22,6  06:30    0,0   26,4    0,0    4,8    9,9  17:00     78
 09   25,2   31,2  16:45   18,5  06:00    0,0   22,2    0,0    4,2   11,7  10:15    109
 10   24,6   30,0  18:00   19,9  05:30    0,0   20,2    0,0    7,3   18,2  19:30     94
 11   25,1   30,9  16:45   18,4  06:30    0,0   21,9    0,0    4,2    9,8  18:00    192
 12   25,2   30,8  14:45   19,9  06:00    0,0   22,3    0,0    6,5   18,4  19:45    185
 13   25,7   31,8  17:00   19,5  06:00    0,0   23,9    0,0    5,2   12,7  03:30    124
 14   21,7   25,2  12:45   17,9  00:00    0,0   10,8    2,1   12,4   24,9  13:30     72
 15   22,2   27,9  16:45   17,3  06:00    0,0   12,4    2,1    5,0   15,4  17:45    279
 16   21,8   27,9  16:45   18,1  04:30    0,0   11,1    4,1    6,2   20,5  17:15    317
 17   20,6   25,1  15:45   16,4  06:45    0,0    7,5    1,5    8,8   19,6  12:15     95
 18   21,4   26,2  17:00   17,5  07:15    0,0    9,9    0,0    4,7   11,0  06:45    157
 19   21,5   26,7  16:15   18,1  00:00    0,0   10,2    0,5    7,7   16,7  23:00    118
 20   19,9   24,3  13:30   17,3  06:15    0,0    5,2    0,0    9,8   23,0  14:45     82
 21   20,6   26,6  17:15   15,8  06:15    0,0    7,3    0,0    6,4   10,0  08:15    126
 22   21,3   26,4  16:00   16,0  06:00    0,0    9,5    0,0    7,8   14,8  11:00    108
 23   22,4   28,0  17:30   15,1  00:00    0,0   13,3    3,1    9,6   20,2  16:15    346
 24   18,9   24,3  17:45   13,3  06:00    0,0    1,9    6,2    8,6   21,1  02:00    109
 25   21,1   26,7  18:15   14,6  06:00    0,0    9,0    0,0    3,5   10,1  17:00    185
 26   23,1   28,6  16:45   16,6  06:00    0,0   15,4    0,0    3,9   10,8  17:00    210
 27   23,9   29,9  18:15   18,6  05:00    0,0   18,2    4,1    5,4   21,7  21:00    108
 28   23,8   29,9  17:45   17,8  05:45    0,0   17,7    0,0    5,5   10,2  15:30    164
 29   24,2   29,2  16:45   19,8  06:15    0,0   19,2    0,0    7,4   11,5  05:15    114
 30   24,9   30,0  17:00   19,8  06:15    0,0   21,4    0,0    5,3   10,9  14:15    133
---------------------------------------------------------------------------------------
      23,5   33,2     05   13,3     24    0,0  505,9   23,8    5,9   24,9     14    115
    
Updated: 23/04/2020 12:30:00