Cerea. Verona, Italy

45° 11.88' N | 011° 10.98' E | 10 metri | Mostra sulla mappa

Tabelle Climatiche May 2015

25/05/2020 01:30:00 CEST

Stazione:Vantage Pro2
Software:WeeWX v4.0.0
Weewx uptime:0 giorni, 20 ore, 15 minuti
Server uptime:0 giorni, 20 ore, 15 minuti
                   MONTHLY CLIMATOLOGICAL SUMMARY for mag 2015


NAME: Cerea. Verona, Italy                  
ELEV: 10 metri    LAT: 45-11.88 N    LONG: 011-10.98 E


                   TEMPERATURE (°C), RAIN (mm), WIND SPEED (km/h)

                                         HEAT   COOL         AVG
      MEAN                               DEG    DEG          WIND                   DOM
DAY   TEMP   HIGH   TIME    LOW   TIME   DAYS   DAYS   RAIN  SPEED   HIGH   TIME    DIR
---------------------------------------------------------------------------------------
 01   13,4   14,8  15:43   11,5  04:28   16,1    0,0    1,0   27,4   79,2  16:13    101
 02
 03
 04   20,5   22,9  15:43   16,8  23:43    0,0    7,0    0,0   44,9   79,2  14:28    108
 05   19,1   24,6  16:28   14,1  06:13    0,0    2,3    0,0   32,8   79,2  11:58    126
 06   19,7   25,9  17:15   14,7  06:28    0,0    4,4    0,0   11,8   75,6  03:28    157
 07   20,9   25,9  15:30   16,2  04:15    0,0    8,3    0,0    6,1   27,4  12:00    115
 08   20,9   26,8  15:30   14,7  06:00    0,0    8,2    0,0    6,5   36,4  22:00    111
 09   20,6   26,3  17:00   14,6  06:00    0,0    7,4    0,0    3,8   25,2  17:00    326
 10   22,3   27,3  17:15   16,3  06:30    0,0   12,7    0,0    5,4   26,6  15:30    231
 11   21,8   28,5  17:30   15,4  06:30    0,0   11,2    0,0    6,8   31,7  04:15    105
 12   21,6   27,6  17:45   15,8  06:00    0,0   10,4    0,0    7,2   20,9  11:00    117
 13   21,2   27,4  17:45   15,3  06:15    0,0    9,3    0,0    3,6   20,9  21:30    108
 14   21,7   27,2  15:15   16,3  06:30    0,0   10,9    0,0    6,4   31,7  23:30    106
 15   18,0   20,6  00:30   16,2  20:30    0,9    0,0    2,1   18,2   48,2  16:30     76
 16   19,6   24,9  18:15   15,3  04:15    0,0    4,0    0,0    5,0   28,1  00:45    133
 17   21,9   27,5  16:57   15,8  06:15    0,0   11,5    0,0   10,3   75,6  14:27    113
 18   22,3   27,5  17:45   16,7  06:30    0,0   12,8    0,0    5,9   24,8  12:00    101
 19   22,0   26,9  17:15   16,5  06:15    0,0   12,0    0,0    7,6   26,3  18:45    104
 20   19,7   23,9  16:30   16,0  00:00    0,0    4,3    0,5    5,0   31,3  16:15    174
 21   13,9   20,2  12:15   11,2  07:30   14,3    0,0   37,8    7,9   45,0  14:45     23
 22   13,6   15,5  11:30   11,4  00:30   15,4    0,0    9,8    6,4   40,3  02:00    345
 23   14,2   15,4  17:30   13,1  05:45   13,2    0,0    2,6    5,3   79,2  19:57     62
 24   17,7   22,9  18:00   12,8  06:00    2,1    0,0    0,0    2,5    6,2  12:45     12
 25   19,2   25,0  16:15   12,8  05:30    0,0    2,7    0,0    4,7   12,7  12:15    256
 26   17,2   22,3  16:45   15,0  05:30    3,8    0,0    0,5    5,3   14,6  17:00     53
 27   17,1   22,1  16:00   13,8  04:00    4,1    0,0    5,7    5,8   18,6  20:00    187
 28   17,7   23,3  17:45   12,6  05:45    2,0    0,0    0,0    5,4   11,0  20:45    163
 29   18,8   24,9  18:00   12,4  06:00    0,0    1,4    0,0    6,2   12,0  20:15    138
 30   20,5   25,9  16:45   14,7  06:00    0,0    7,2    0,0    3,6    8,5  00:00    202
 31   20,8   25,0  16:00   16,5  04:45    0,0    8,0    0,0    9,5   16,3  12:15    102
---------------------------------------------------------------------------------------
      19,2   28,5     11   11,2     21   71,9  156,0   60,1    8,5   79,2     01    108
    
Updated: 23/04/2020 12:30:00