Cerea. Verona, Italy

45° 11.88' N | 011° 10.98' E | 10 metri | Mostra sulla mappa

Tabelle Climatiche April 2015

25/05/2020 00:45:00 CEST

Stazione:Vantage Pro2
Software:WeeWX v4.0.0
Weewx uptime:0 giorni, 19 ore, 30 minuti
Server uptime:0 giorni, 19 ore, 30 minuti
                   MONTHLY CLIMATOLOGICAL SUMMARY for apr 2015


NAME: Cerea. Verona, Italy                  
ELEV: 10 metri    LAT: 45-11.88 N    LONG: 011-10.98 E


                   TEMPERATURE (°C), RAIN (mm), WIND SPEED (km/h)

                                         HEAT   COOL         AVG
      MEAN                               DEG    DEG          WIND                   DOM
DAY   TEMP   HIGH   TIME    LOW   TIME   DAYS   DAYS   RAIN  SPEED   HIGH   TIME    DIR
---------------------------------------------------------------------------------------
 01   13,5   19,8  15:15    6,2  07:15   15,6    0,0    0,0   10,1   43,9  14:30    313
 02   12,7   19,6  18:30    5,9  07:15   18,3    0,0    0,0    9,6   36,4  15:30    330
 03   11,4   15,5  15:30    7,9  06:30   22,4    0,0    0,0   11,2   36,0  03:45    114
 04    9,4   10,6  17:15    7,8  00:00   28,9    0,0    0,0    9,2   31,7  22:15     92
 05    9,2   12,5  14:45    6,9  06:00   29,6    0,0    0,5   13,1   76,3  01:45     86
 06    9,2   13,6  17:15    2,8  07:30   29,6    0,0    0,0    5,8   28,4  13:45    327
 07    9,3   15,8  16:45    1,7  07:15   29,4    0,0    0,0    4,4   28,1  12:30    246
 08   11,0   20,1  17:15    1,9  06:30   23,7    0,0    0,0    3,9   22,3  13:30    250
 09   12,8   19,0  17:30    6,4  07:30   18,0    0,0    0,0    6,6   23,8  12:45    132
 10   13,6   20,7  16:00    7,0  06:30   15,5    0,0    0,0    6,9   26,6  19:00    125
 11   13,9   20,3  16:45    8,1  07:00   14,4    0,0    0,0    4,3   21,6  16:15    190
 12   15,6   22,3  17:00    9,4  07:15    8,9    0,0    0,0    3,6   17,6  13:00    127
 13   17,4   24,5  17:15    9,3  06:00    3,1    0,0    0,0    4,4   31,7  15:45    283
 14   17,6   24,3  17:00   11,8  07:30    2,3    0,0    0,0    5,1   20,5  12:00     97
 15   17,9   25,8  16:45   11,8  06:45    1,4    0,0    0,0    6,6   21,2  11:45    118
 16   17,8   23,6  17:15   11,1  06:30    1,8    0,0    0,0    3,4   26,3  17:30    271
 17   15,8   18,6  15:00   13,1  08:30    8,1    0,0    1,0    4,9   25,9  07:00    324
 18   12,7   20,1  13:30    7,4  20:15   18,4    0,0    4,7    8,3   54,0  17:15     68
 19   10,7   15,0  17:45    6,4  06:45   24,8    0,0    0,0    7,6   30,6  08:45    101
 20   12,7   19,2  18:15    5,0  05:45   18,3    0,0    0,0    4,1   28,8  15:30    270
 21   16,4   23,4  17:00    8,3  06:45    6,4    0,0    0,0    3,8   28,4  17:15    258
 22   18,3   26,6  17:15    9,1  07:00    0,1    0,0    0,0    2,9   20,9  15:30    206
 23   17,0   22,0  19:00   10,1  05:45    4,4    0,0    0,0    3,9   31,3  13:15    215
 24   16,0   20,5  17:15   11,9  06:45    7,7    0,0    0,0    6,8   23,4  09:30    108
 25   15,3   19,3  16:00   10,5  05:30    9,7    0,0    0,5    6,9   25,9  09:15    107
 26   16,6   21,8  16:00   11,8  06:45    5,6    0,0    2,1    3,7   24,8  19:00     93
 27   14,2   15,6  10:30   13,5  23:00   13,3    0,0   15,0   11,6   36,0  09:12     85
 28   15,7   20,4  16:27   12,8  08:30    8,7    0,0    9,8   25,1   79,2  11:27    295
 29   15,2   18,6  16:28   11,9  04:12   10,2    0,0    0,0   39,8   79,2  07:27     98
 30   15,2   19,6  17:28   11,4  09:58   10,2    0,0    1,0   35,5   75,6  02:28     87
---------------------------------------------------------------------------------------
      14,1   26,6     22    1,7     07  408,8    0,0   34,7    8,4   79,2     28     94
    
Updated: 23/04/2020 12:30:00