Cerea. Verona, Italy

45° 11.88' N | 011° 10.98' E | 10 metri | Mostra sulla mappa

Tabelle Climatiche March 2015

25/05/2020 00:15:00 CEST

Stazione:Vantage Pro2
Software:WeeWX v4.0.0
Weewx uptime:0 giorni, 19 ore, 0 minuti
Server uptime:0 giorni, 19 ore, 0 minuti
                   MONTHLY CLIMATOLOGICAL SUMMARY for mar 2015


NAME: Cerea. Verona, Italy                  
ELEV: 10 metri    LAT: 45-11.88 N    LONG: 011-10.98 E


                   TEMPERATURE (°C), RAIN (mm), WIND SPEED (km/h)

                                         HEAT   COOL         AVG
      MEAN                               DEG    DEG          WIND                   DOM
DAY   TEMP   HIGH   TIME    LOW   TIME   DAYS   DAYS   RAIN  SPEED   HIGH   TIME    DIR
---------------------------------------------------------------------------------------
 01    7,3   13,7  15:30    1,9  07:00   35,8    0,0    0,0    4,1   31,0  15:15    278
 02    8,9   12,0  14:15    6,8  00:00   30,7    0,0    0,0    7,3   28,1  17:30     20
 03    7,7   13,9  15:45    0,9  06:45   34,6    0,0    0,0    6,0   27,7  14:15    118
 04    8,9   13,4  14:30    5,3  02:45   30,4    0,0    5,7    6,0   47,5  23:00     61
 05    8,7   13,1  14:15    5,2  07:00   31,3    0,0    0,5    7,6   35,3  14:15     94
 06    8,1   12,8  16:30    2,9  07:15   33,2    0,0    0,0    3,6   19,1  17:00    125
 07    7,1   13,0  15:00    1,6  04:45   36,3    0,0    0,0    3,1   15,8  12:15     14
 08    7,6   14,2  16:00    2,3  04:00   34,8    0,0    0,0    7,5   50,4  14:30     62
 09    7,7   11,4  15:45    4,3  06:30   34,5    0,0    0,0    6,2   27,4  09:45     62
 10    8,8   15,2  15:15    2,5  07:00   31,0    0,0    0,0    1,7   28,8  15:15    290
 11   10,1   16,7  15:15    4,8  06:45   26,6    0,0    0,0    3,6   26,6  19:15    126
 12    9,9   15,0  13:45    4,8  07:45   27,2    0,0    0,0    4,4   20,5  16:45    195
 13    8,0   14,6  15:15    1,7  06:45   33,5    0,0    0,0    6,0   27,4  17:15    135
 14    8,4   13,3  15:30    4,1  06:45   32,2    0,0    0,0    6,7   23,4  14:45    116
 15    8,5   12,7  14:00    4,5  05:45   31,9    0,0    3,1   15,4   39,2  14:30     91
 16    7,5    8,4  10:45    6,7  03:30   35,0    0,0    9,3   21,6   59,0  02:45     71
 17   10,8   15,2  15:00    7,3  01:15   24,3    0,0    4,7   12,0   38,5  04:45     77
 18   10,8   15,7  15:45    6,7  07:45   24,3    0,0    0,0    3,0   16,6  02:00    108
 19   10,3   15,9  16:00    4,2  06:45   26,1    0,0    0,0    3,8   22,7  13:15    148
 20   10,5   15,6  16:00    6,2  06:30   25,4    0,0    0,0    7,4   27,0  13:45    100
 21   10,1   13,4  15:30    7,2  03:15   26,8    0,0    0,0    7,8   28,4  14:00     81
 22    9,3   12,5  16:30    6,6  00:00   29,3    0,0    0,0   11,4   42,5  12:00     68
 23   11,1   16,6  16:15    5,3  03:00   23,6    0,0    0,0    4,5   28,8  07:00     89
 24   11,5   15,6  14:45    6,9  06:45   22,2    0,0    0,0    9,6   31,0  15:15    107
 25   10,8   12,5  09:30    9,6  20:15   24,5    0,0   16,1   22,5   60,8  17:30     68
 26   11,2   13,4  16:30    9,6  02:45   23,1    0,0    7,8    8,6   51,8  03:15     83
 27   12,3   16,1  14:15    9,9  00:00   19,5    0,0    0,0    5,4   76,3  04:30    130
 28   12,2   18,1  15:00    4,4  05:30   19,8    0,0    0,0    4,2   22,0  14:30    209
 29   12,2   16,8  14:45    7,3  07:45   19,9    0,0    0,0    5,9   30,2  07:00    112
 30   13,5   22,4  18:00    7,5  07:00   15,5    0,0    0,0    8,2   42,5  17:00    338
 31   14,1   22,2  17:45    8,2  07:30   13,9    0,0    0,0    5,9   39,6  18:30    110
---------------------------------------------------------------------------------------
       9,8   22,4     30    0,9     03  857,1    0,0   47,1    7,4   76,3     27     84
    
Updated: 23/04/2020 12:30:00