Cerea. Verona, Italy

45° 11.88' N | 011° 10.98' E | 10 metri | Mostra sulla mappa

Tabelle Climatiche February 2015

25/05/2020 00:00:00 CEST

Stazione:Vantage Pro2
Software:WeeWX v4.0.0
Weewx uptime:0 giorni, 18 ore, 45 minuti
Server uptime:0 giorni, 18 ore, 45 minuti
                   MONTHLY CLIMATOLOGICAL SUMMARY for feb 2015


NAME: Cerea. Verona, Italy                  
ELEV: 10 metri    LAT: 45-11.88 N    LONG: 011-10.98 E


                   TEMPERATURE (°C), RAIN (mm), WIND SPEED (km/h)

                                         HEAT   COOL         AVG
      MEAN                               DEG    DEG          WIND                   DOM
DAY   TEMP   HIGH   TIME    LOW   TIME   DAYS   DAYS   RAIN  SPEED   HIGH   TIME    DIR
---------------------------------------------------------------------------------------
 01    3,7    7,8  15:15    0,3  00:00   47,5    0,0    0,5    5,3   41,0  07:00    299
 02    2,2    7,7  16:45   -2,4  07:45   52,2    0,0    0,0    3,7   52,6  13:00    301
 03    3,6    6,1  14:00    0,2  01:30   47,9    0,0    0,0   11,2   57,6  19:45     74
 04    6,1    8,6  15:45    4,4  00:30   39,6    0,0    0,0    7,9   40,3  00:45     71
 05    3,1    5,5  00:15    0,9  12:45   49,4    0,0   39,9   28,6   77,0  23:00     71
 06    4,5    6,8  08:45    2,6  09:45   44,8    0,0   31,1   17,5   55,4  02:00     82
 07    3,9    7,1  15:15    0,1  23:30   46,7    0,0    0,0    7,6   38,9  10:30     41
 08    0,5    3,7  15:30   -1,7  22:30   57,9    0,0    0,0    4,3   24,5  06:00    280
 09    0,9    6,5  15:30   -3,3  07:15   56,4    0,0    0,0    4,7   28,4  14:45    262
 10    2,8    9,0  16:15   -2,4  07:15   50,3    0,0    0,0    1,8   15,5  13:30    217
 11    3,5    9,5  15:30   -0,5  06:15   48,0    0,0    0,0    3,5   49,7  16:45    264
 12    4,6    9,6  16:15   -0,7  05:45   44,5    0,0    0,0    3,8   31,7  12:15    117
 13    5,7    8,3  14:45    3,9  08:00   40,9    0,0    0,0    5,5   53,3  13:15     74
 14    5,9    8,4  13:30    4,6  07:00   40,2    0,0    2,6    9,9   30,2  23:00     73
 15    7,8   10,1  16:45    5,6  00:15   34,3    0,0    2,1   13,8   57,6  11:00     84
 16    9,0   13,4  15:00    6,3  03:45   30,1    0,0    0,0   12,2   59,0  05:30     78
 17    9,0   13,3  15:15    5,9  00:00   30,1    0,0    0,0    9,2   38,9  00:15     75
 18    6,0   10,3  15:45    2,9  07:15   40,1    0,0    0,0    6,5   29,2  12:00     75
 19    4,5   10,9  15:30   -1,5  08:00   44,7    0,0    0,0    2,3   23,0  15:45    268
 20    4,3   10,6  14:45   -2,3  08:00   45,5    0,0    0,0    1,4   20,5  13:00    291
 21    5,0    7,4  15:30    2,1  05:30   43,2    0,0    0,0   12,9   38,9  15:45     76
 22    7,1   10,1  15:45    5,2  00:00   36,4    0,0   11,4   14,7   47,5  11:15     49
 23    7,2   13,0  15:30    1,1  08:15   36,1    0,0    0,0    2,4   16,9  14:30    265
 24    7,8    9,6  15:00    5,6  05:15   34,2    0,0    2,6    6,8   73,4  17:00     60
 25    7,6    9,2  00:45    5,6  00:00   34,9    0,0    4,7    7,3   31,0  15:30     24
 26    8,4   11,9  13:15    5,6  01:15   32,1    0,0    0,0    2,5   54,7  13:00     82
 27    8,6   11,6  13:00    6,2  06:00   31,4    0,0    0,0    3,9   19,1  16:00    336
 28    8,2   12,9  15:45    3,3  06:30   32,8    0,0    0,0    4,6   24,5  11:15    106
---------------------------------------------------------------------------------------
       5,4   13,4     16   -3,3     09 1172,6    0,0   94,8    7,7   77,0     05     68
    
Updated: 23/04/2020 12:30:00