Cerea. Verona, Italy

45° 11.88' N | 011° 10.98' E | 10 metri | Mostra sulla mappa

Tabelle Climatiche January 2015

24/05/2020 23:15:00 CEST

Stazione:Vantage Pro2
Software:WeeWX v4.0.0
Weewx uptime:0 giorni, 18 ore, 0 minuti
Server uptime:0 giorni, 18 ore, 0 minuti
                   MONTHLY CLIMATOLOGICAL SUMMARY for gen 2015


NAME: Cerea. Verona, Italy                  
ELEV: 10 metri    LAT: 45-11.88 N    LONG: 011-10.98 E


                   TEMPERATURE (°C), RAIN (mm), WIND SPEED (km/h)

                                         HEAT   COOL         AVG
      MEAN                               DEG    DEG          WIND                   DOM
DAY   TEMP   HIGH   TIME    LOW   TIME   DAYS   DAYS   RAIN  SPEED   HIGH   TIME    DIR
---------------------------------------------------------------------------------------
 01
 02
 03
 04
 05    3,6    9,4  15:29   -2,2  07:44   47,8    0,0    0,0   26,5   57,6  17:44    270
 06    3,4    8,8  13:44   -1,8  05:59   48,4    0,0    0,0   22,4   57,6  22:14     98
 07    3,8    7,9  15:30    0,3  01:45   46,9    0,0    0,0    1,8   16,9  13:00    300
 08    5,1    9,0  14:15    2,4  08:30   42,9    0,0    0,0    2,5   18,7  12:45    264
 09    3,5    7,4  16:00    1,1  08:45   48,2    0,0    0,0    1,8   22,3  19:15    275
 10    1,9    6,9  15:45   -0,9  00:00   53,2    0,0    0,0    2,0   13,0  03:00    125
 11    0,3    4,1  16:45   -1,9  06:45   58,3    0,0    0,5    1,7   17,6  13:30    303
 12    4,6   11,5  15:30   -0,9  06:30   44,4    0,0    0,0    4,4   24,5  12:15    290
 13    4,2    9,6  14:30   -1,3  07:30   45,6    0,0    0,0    1,3   13,0  00:45     43
 14    3,6    6,7  16:00    0,6  05:30   47,8    0,0    0,0    1,6   14,4  13:15    247
 15    2,9    6,0  20:15   -1,5  08:30   49,9    0,0    0,0    1,6   18,7  14:00     81
 16    7,7    9,7  12:45    5,1  06:30   34,5    0,0    0,5   12,1   35,6  23:15     78
 17    9,2   12,6  16:00    6,0  00:00   29,8    0,0    2,1    7,6   31,7  05:30     68
 18    5,5   11,6  15:30    1,6  08:15   41,7    0,0    0,0    1,4    9,7  13:45    305
 19    1,9    6,9  16:00   -1,1  08:00   53,3    0,0    0,5    2,0   14,4  05:30    272
 20    2,3    5,0  16:30   -0,7  06:30   51,9    0,0    0,0    3,1   19,8  13:00    318
 21    5,1    7,1  16:00    3,6  04:30   42,8    0,0    4,7    5,0   57,6  16:00     83
 22    6,7    8,3  13:15    5,3  21:30   37,7    0,0    4,7    7,9   31,0  04:00     57
 23    5,4    7,9  16:30    2,8  06:30   42,0    0,0    0,0    4,2   16,9  04:30    308
 24    6,3   11,3  15:00    2,9  08:00   38,9    0,0    0,0    3,1   21,2  15:45    257
 25    6,7   10,5  15:00    3,4  04:45   37,7    0,0    0,0    2,8   29,2  23:45    158
 26    5,3    9,7  12:45    0,9  00:00   42,2    0,0    0,0    3,1   19,8  00:15    307
 27    2,0    5,2  15:15    0,0  08:15   52,8    0,0    0,0    1,8   19,8  11:45     88
 28    2,1    8,5  14:45   -3,2  08:00   52,6    0,0    0,0    2,7   16,2  13:00    267
 29    1,6    3,8  23:15   -1,2  05:45   54,3    0,0    0,0    7,1   29,2  22:45     70
 30    2,8    5,6  15:15    1,1  06:15   50,4    0,0    4,1   11,8   41,0  11:30    342
 31    3,1    7,7  15:15   -1,3  05:00   49,3    0,0    0,0    8,0   43,2  23:30     74
---------------------------------------------------------------------------------------
       4,1   12,6     17   -3,2     28 1245,4    0,0   17,1    5,1   57,6     05     50
    
Updated: 23/04/2020 12:30:00